alculate the highest common divisor of t and 66.
33
Let o(x) = -5*x - 6. Let m be o(-3). Calculate the greatest common divisor of 9 and m.
9
Let b be (-60)/(4/(-1)) + 1. Calculate the greatest common divisor of b and 24.
8
Let j = 38 - 19. Let c be (4/2)/(-2) - -1. Suppose 3*t + 0*t - 285 = c. What is the greatest common divisor of t and j?
19
Let b(g) = -g**2 + 8*g + 5. Let y be b(7). Let p(d) = y + d + 0*d - 6. Let n be p(9). What is the highest common divisor of n and 15?
15
Let w = 17 - 15. Let j be ((-1 - -1) + 1)*4. Let z be (-7)/(-5) + j/(-10). What is the highest common divisor of z and w?
1
Let h be 2*15/6*-1. Let l(y) = -y**3 - 3*y**2 + 7*y. Let n be l(h). What is the highest common factor of 15 and n?
15
Suppose -114 = -5*z - z. Calculate the greatest common divisor of 38 and z.
19
Let f(b) = -8*b**2 - b - 1. Let i be f(-1). Let d = i + 5. Let v be 1 - (-3)/(d/(-10)). Calculate the greatest common factor of v and 66.
11
Suppose 0 = 22*c - 19*c - 24. Calculate the greatest common factor of c and 104.
8
Let p = 0 - 0. Suppose -t + 8 = -p*t. Let l(o) = -o**3 - 11*o**2 - 6*o - 10. Let q be l(-11). Calculate the highest common factor of t and q.
8
Let k be (-1)/2*(4 + 0). Let g be 1/(-6)*k*-3. Let c(n) = -17*n**3 - n**2. Let p be c(g). What is the greatest common factor of 48 and p?
16
Let o = -115 - -42. Let f = -46 - o. Let w = 59 - 41. Calculate the highest common factor of w and f.
9
Let f be (-20)/(-6) + (-1)/3. Suppose -4*z + 2 = 2*w, 3*z - 5 = f*w - 26. Let k be 1/(-4 + (-243)/(-60)). What is the greatest common factor of k and w?
5
Let k(r) = r**2 - 6*r + 2. Let c be k(6). Suppose u - 5*q = 5*u - 7, c*u - 5*q = 41. What is the greatest common divisor of u and 56?
8
Let t be 3 - (-2 - 2/(-2)). Let j(o) = o**3 - 3*o**2 - 5*o + 2. Let w be j(t). Let y be (18 - w)/(2/6). Calculate the greatest common factor of 15 and y.
15
Let f be 22/(-6)*(-2 + -1). Let q(x) = x**3 - 5*x**2 + 2*x + 1. Let c be q(5). Let v be (0 - 1/(-1))*c. What is the highest common factor of v and f?
11
Suppose -2*p - 75 = -5*p. Calculate the highest common divisor of p and 5.
5
Let o(f) = -9*f**3 + f + 1. Let m be o(-1). Suppose -14*s - 2 = -15*s. Let v be 5 - 2 - (s + -2). Calculate the greatest common divisor of m and v.
3
Let f be 88/4 - -3 - -1. Suppose 0 = 4*x - 2*v - f, -3*v + 4 = 2*x - 5. What is the greatest common divisor of 24 and x?
6
Suppose 0 = 3*v + 5*j - 3, 3*v + 0*j - 30 = 4*j. Calculate the greatest common divisor of 18 and v.
6
Suppose -3*y + 129 = -5*b + 13, -104 = -3*y + 2*b. What is the greatest common divisor of 256 and y?
32
Let j be (-2)/(-3) + (-195)/9. Let m be 3/1 + -2 - j. What is the greatest common divisor of 2 and m?
2
Let z(q) = -q**3 - 12*q**2 + 11. Let h be z(-12). Calculate the greatest common factor of 121 and h.
11
Let w(v) = v**2 - 4*v + 1. Let t be w(7). Suppose 5*i = 145 + 20. What is the greatest common factor of t and i?
11
Let j(h) = 3*h**3 + 2*h**2 - 4*h + 1. Let a be j(4). Suppose -7*q + 25 = -108. What is the highest common divisor of a and q?
19
Let p = -109 - -304. Calculate the greatest common divisor of 26 and p.
13
Suppose 1126 = 5*i - 1229. Suppose 0 = -3*b - 2*z + 294, i = 5*b - 0*b - 3*z. Let u = b + -45. What is the highest common factor of 17 and u?
17
Suppose l = r + 16 + 5, 0 = 3*l - 5*r - 57. What is the highest common factor of l and 6?
6
Let o be -33*(-24)/8*(2 + -1). What is the greatest common divisor of 9 and o?
9
Let d = -104 + 123. Calculate the greatest common divisor of 171 and d.
19
Suppose q = 40 - 22. Calculate the highest common factor of q and 27.
9
Let b = 42 - -58. Let f be ((-120)/9)/((-6)/9). Calculate the greatest common divisor of b and f.
20
Let i = 43 + -11. Suppose -36 = -3*d + 4*n, 4*d - 4*n = -0*n + 44. What is the greatest common divisor of i and d?
8
Let b(m) = -4*m + 3. Let z be b(2). Let l = z - -9. Suppose 5*o - 72 = 3*q, 0*o - l*o - 3*q = -36. Calculate the highest common factor of o and 84.
12
Suppose r = 4*z + 85, 0*z = 5*r - 3*z - 459. What is the greatest common divisor of r and 31?
31
Suppose -10 = -h - h. Suppose -h*n + k = -62, -3 = n + k - 13. Let a = -15 - -45. What is the highest common factor of a and n?
6
Suppose 3*i = -i + v + 110, 2*i - 54 = v. Let p = 126 - 56. Suppose 0*q = -q + p. Calculate the greatest common factor of i and q.
14
Suppose 4*y = m + 14, 5*y = 2*m + 2*m + 45. Let v be 0*(2 + m/4). Suppose -u + 2*l = u - 332, v = 4*l + 4. Calculate the highest common divisor of u and 15.
15
Let m(k) = 3*k**2 - 2*k - 3. Let b be 16/4 + (0 - 1). Let i be m(b). What is the highest common factor of i and 2?
2
Let v(q) = -15*q + 3. Let p(b) = 76*b - 16. Let w(h) = -2*p(h) - 11*v(h). Let l be w(3). Calculate the greatest common divisor of 95 and l.
19
Suppose 2*c = -c - 132. Let q be 11/c + (-1026)/(-8). What is the greatest common divisor of 16 and q?
16
Suppose o - 3*o = -2*l - 32, -3*l = 4*o - 36. What is the greatest common factor of o and 132?
12
Suppose -160 = -17*z + 12*z. Let q = 13 - -7. Suppose -x + q = 3*c - 3*x, -26 = -2*c - 5*x. What is the highest common factor of z and c?
8
Suppose 480 = 3*d + 5*h - 0*h, d - 160 = -5*h. Calculate the greatest common divisor of 20 and d.
20
Let u be 37/(-6) - (-2)/12. Let r(y) = -3 - y**3 + 2*y**2 - 3*y**2 - 2*y - 4*y**2 - 6. Let x be r(u). Calculate the greatest common divisor of x and 13.
13
Let x = -83 + 42. Let p = -59 - 9. Let i = x - p. Calculate the greatest common factor of i and 9.
9
Let y(k) = 5*k + 7. Suppose 0 = c + 2*c - 30. Let n be y(c). What is the highest common factor of 38 and n?
19
Let i = 16 + -11. Let u = i - -13. Let g = -96 - -141. What is the greatest common divisor of g and u?
9
Suppose -3*d - d = -20. Suppose -d*u - i = -1373, 5*i + 941 = 4*u - 169. Calculate the greatest common factor of u and 25.
25
Let f = 59 - 56. Calculate the greatest common divisor of 33 and f.
3
Let r(a) = -a + 28. Let k be r(0). Let i = 12 + -7. Let d be i*2*4/10. What is the greatest common divisor of k and d?
4
Let o be -3*20/12 + 142/2. Suppose 3*z - 4 = z. Let h be -22*(-2)/(z*2). What is the greatest common divisor of h and o?
11
Let n(f) = -4 + 4 - 6 + 2*f**2 - 2*f. Suppose -4*b + 14 = -6. Let i be n(b). Calculate the highest common factor of 17 and i.
17
Suppose -n + 2*r + 62 = 0, 124 = 4*n + 3*r - 146. Calculate the greatest common divisor of 22 and n.
22
Let f(m) = -m. Let q(i) = i + 1. Let y(g) = 6*f(g) + q(g). Let c be y(-3). Calculate the highest common factor of c and 24.
8
Suppose 0 = 3*d - 0*d - 45. What is the highest common divisor of d and 75?
15
Let p(r) = -r**3 - 11*r**2 - r - 6. Let t be p(-11). Calculate the greatest common factor of t and 45.
5
Let v(r) = -r**3 + 4*r**2 + 6*r - 6. Let s be (-6)/(-4)*(-16)/(-6). Let p be v(s). Let a = 413 - 404. Calculate the highest common divisor of a and p.
9
Suppose 2*k - 5*r = 24, 5*k - 2*r = 2*r + 26. What is the greatest common factor of k and 1?
1
Suppose -z = 2, 0*y - 70 = -2*y + 5*z. What is the greatest common divisor of y and 15?
15
Let k be 15 + 2 + -3 - -1. Suppose y + 3*m - 107 = 0, -4*m - 219 = -3*y + 63. Let p = y - 38. Calculate the highest common factor of k and p.
15
Suppose 5*o = -5*z, 2*o + 0 = -3*z - 2. Let t be 4/(o/1 - 0). Suppose 0*q + 2*q = t. What is the greatest common factor of q and 4?
1
Suppose 0*y - 105 = -5*y. Suppose -2*d = -3*i - 37, 2*d = 3*i - 2*i + 19. Let o = i - -16. What is the greatest common divisor of o and y?
7
Let f(n) = -n**3 + n. Let l(c) = -c**3 - 4*c + 1. Let g(p) = 4*f(p) + l(p). Let j be g(-1). Let i = -12 - -18. What is the highest common divisor of j and i?
6
Suppose 7*z - 72 = 4*z. Calculate the greatest common factor of 6 and z.
6
Let h be (-300)/(-21) + (-6)/21. Suppose 2*t - 20 = -6. Calculate the highest common factor of t and h.
7
Let u be (-10)/2 - 462/(-22). Calculate the greatest common divisor of 80 and u.
16
Suppose 5*b - 2*t - 84 = 0, b - 7 = -4*t + 23. Calculate the greatest common divisor of b and 2.
2
Suppose 0 = -3*r - 5*d - 3, -5*d = r - 2*d + 1. Let h be (-6)/r*(0 + 6). Calculate the greatest common divisor of 12 and h.
12
Suppose -6*c = -4*c - 80. What is the greatest common divisor of c and 16?
8
Let k = -13 + 10. Let x(h) = h**3 + h**2 + h - 20. Let o be x(0). Let y = k - o. Calcula